{"id":11,"date":"2017-05-17T22:11:46","date_gmt":"2017-05-17T20:11:46","guid":{"rendered":"http:\/\/lernstatt-ev.de\/deutschkurs\/?page_id=11"},"modified":"2025-06-16T18:42:06","modified_gmt":"2025-06-16T16:42:06","slug":"aktuelles","status":"publish","type":"page","link":"https:\/\/lernstatt-ev.de\/deutschkurs\/aktuelles\/","title":{"rendered":"Aktuelles"},"content":{"rendered":"<p>&nbsp;<\/p>\n<p><strong>Pr\u00fcfungen<\/strong><\/p>\n<p><strong>Pr\u00fcfungen f\u00fcr Integrationskursteilnehmer<\/strong><\/p>\n<p>Der Integrationskurs besteht aus einem Sprachkurs und einem Orientierungskurs \u00fcber das leben in Deutschland. Er endet mit dem \u201eZD \u2013 Zertifikat Deutsch\u201c das aus zwei Teilen besteht:<\/p>\n<ul>\n<li>Im Sprachtest (DTZ \u2013 Deutsch-Test f\u00fcr Zuwanderer A2-B1, g.a.s.t-Pr\u00fcfung) wird gepr\u00fcft, ob Sie nach dem Kurs \u00fcber ausreichende m\u00fcndliche und schriftliche Deutschkenntnisse verf\u00fcgen.<\/li>\n<li>Mit dem Test \u201eLeben in Deutschland\u201c (Einb\u00fcrgerungstest) wird gepr\u00fcft, was Sie im Orientierungskurs gelernt haben.<\/li>\n<\/ul>\n<p>Beide Pr\u00fcfungen sind kostenfrei bzw. in den Geb\u00fchren f\u00fcr den Integrationskurs enthalten.<\/p>\n<p>B1 Pr\u00fcfungen (telc-Pr\u00fcfung)\u00a0 und Einb\u00fcrgerungstests bieten wir\u00a0 gegen Geb\u00fchr auch Migranten an, die bei uns keine Kurse besucht haben.<\/p>\n","protected":false},"excerpt":{"rendered":"<p>&nbsp; Pr\u00fcfungen Pr\u00fcfungen f\u00fcr Integrationskursteilnehmer Der Integrationskurs besteht aus einem Sprachkurs und einem Orientierungskurs \u00fcber das leben in Deutschland. Er endet mit dem \u201eZD \u2013 Zertifikat Deutsch\u201c das aus zwei Teilen besteht: Im Sprachtest (DTZ \u2013 Deutsch-Test f\u00fcr Zuwanderer A2-B1, g.a.s.t-Pr\u00fcfung) wird gepr\u00fcft, ob Sie nach dem Kurs \u00fcber ausreichende m\u00fcndliche und schriftliche Deutschkenntnisse verf\u00fcgen. <a href=\"https:\/\/lernstatt-ev.de\/deutschkurs\/aktuelles\/\" rel=\"nofollow\"><span class=\"sr-only\">Read more about Aktuelles<\/span>[&hellip;]<\/a><\/p>\n","protected":false},"author":2,"featured_media":0,"parent":0,"menu_order":0,"comment_status":"closed","ping_status":"closed","template":"template-fullwidth.php","meta":{"footnotes":""},"class_list":["post-11","page","type-page","status-publish","hentry"],"_links":{"self":[{"href":"https:\/\/lernstatt-ev.de\/deutschkurs\/wp-json\/wp\/v2\/pages\/11","targetHints":{"allow":["GET"]}}],"collection":[{"href":"https:\/\/lernstatt-ev.de\/deutschkurs\/wp-json\/wp\/v2\/pages"}],"about":[{"href":"https:\/\/lernstatt-ev.de\/deutschkurs\/wp-json\/wp\/v2\/types\/page"}],"author":[{"embeddable":true,"href":"https:\/\/lernstatt-ev.de\/deutschkurs\/wp-json\/wp\/v2\/users\/2"}],"replies":[{"embeddable":true,"href":"https:\/\/lernstatt-ev.de\/deutschkurs\/wp-json\/wp\/v2\/comments?post=11"}],"version-history":[{"count":13,"href":"https:\/\/lernstatt-ev.de\/deutschkurs\/wp-json\/wp\/v2\/pages\/11\/revisions"}],"predecessor-version":[{"id":625,"href":"https:\/\/lernstatt-ev.de\/deutschkurs\/wp-json\/wp\/v2\/pages\/11\/revisions\/625"}],"wp:attachment":[{"href":"https:\/\/lernstatt-ev.de\/deutschkurs\/wp-json\/wp\/v2\/media?parent=11"}],"curies":[{"name":"wp","href":"https:\/\/api.w.org\/{rel}","templated":true}]}}