{"id":160,"date":"2017-07-04T12:29:11","date_gmt":"2017-07-04T10:29:11","guid":{"rendered":"http:\/\/lernstatt-ev.de\/deutschkurs\/?page_id=160"},"modified":"2017-07-04T12:29:11","modified_gmt":"2017-07-04T10:29:11","slug":"hausaufgabenbetreuung","status":"publish","type":"page","link":"https:\/\/lernstatt-ev.de\/deutschkurs\/hausaufgabenbetreuung\/","title":{"rendered":"Hausaufgabenbetreuung"},"content":{"rendered":"<p><strong>Hausaufgabenbetreuung<\/strong><\/p>\n<p>Nicht nur die Eltern, sondern auch ihre Kinder wollen in der neuen Heimat \u201eankommen\u201c. Erfolg in der Schule ist daf\u00fcr eine der wichtigsten Grundlagen. Wenn die Eltern noch nicht so gut Deutsch k\u00f6nnen, f\u00e4llt es ihnen aber oft schwer, ihre Kinder dabei zu unterst\u00fctzen. Der gemeinn\u00fctzige Verein Lernstatt e.V., der die Schule tr\u00e4gt, will sie dabei unterst\u00fctzen. Deshalb bieten wir<\/p>\n<p><strong>au\u00dferhalb der Schulferien von Montag bis Freitag zwischen 15.30 &#8211; 18.30 Uhr<\/strong><\/p>\n<p>eine kostenlose\u00a0 Hausaufgabenbetreuung f\u00fcr Sch\u00fcler s\u00e4mtlicher Klassenstufen an. Schwerpunkt der Arbeit\u00a0 ist die inhaltliche und strukturelle Unterst\u00fctzung bei der Erledigung der t\u00e4glichen Hausaufgaben und die Vorbereitung auf bevorstehende Kontrollen, Referate, Pr\u00fcfungen usw.<\/p>\n<p>Zu den geplanten weiteren Angeboten geh\u00f6ren die Anleitung und Ausarbeitung relevanter Bewerbungsunterlagen f\u00fcr die Abschlussjahrg\u00e4nge aller Schulformen, spezielle Vorbereitungskurse auf den Mittleren Schulabschluss (MSA) sowie kreative Projekte mit begleitender Kulturvermittlung.<\/p>\n<p>Wir wollen den Sch\u00fclern bei der Arbeits- und Ausbildungsplatzsuche und der Bewerbung helfen, indem wir hier vor Ort Bedingungen schaffen, um alle wichtigen Informationen \u00fcber das Berufsleben, die Chancen auf dem Ausbildungs- und Arbeitsmarkt und entsprechende Anlaufstellen zug\u00e4nglich zu machen. Au\u00dferdem wollen wir\u00a0 die Sch\u00fcler bei ihrer individuellen und konkreten Suche sowie bei ihren Bewerbungen begleiten und unterst\u00fctzen.<\/p>\n<p>Die Pr\u00fcfung zum Mittleren Schulabschluss betrifft im Grunde alle unsere Sch\u00fclerInnen der Sekundarschulen. Die Pr\u00fcfung BBR oder\u00a0 eBBR\u00a0 ist von gr\u00f6\u00dfter Bedeutung und eine gro\u00dfe Herausforderung. Denn die daf\u00fcr infrage kommenden Sch\u00fcler haben in der Regel mehr Schwierigkeiten als Gymnasiasten, die Pr\u00fcfung zu bestehen. Gleichzeitig h\u00e4ngt f\u00fcr sie von dem Bestehen viel mehr ab. Denn sie ben\u00f6tigen diesen Abschluss nicht nur, um sich f\u00fcr einen Ausbildungsplatz bewerben zu k\u00f6nnen, sondern auch, um auf ein Gymnasium zu wechseln und letztendlich das Abitur als Zugang zur Hochschulbildung zu erlangen. Es besteht bei den Sch\u00fclern ein deutlicher Bedarf nach speziellen Vorbereitungsstunden, in denen sie nicht nur Pr\u00fcfungsaufgaben, sondern auch ungest\u00f6rt ihre Sprechfertigkeiten in Englisch \u00fcben k\u00f6nnen.<\/p>\n<p>Schlie\u00dflich wird angestrebt k\u00fcnstlerische Projekte durchzuf\u00fchren. In den vergangenen Jahren konnten bereits Projekte finanziert werden, die bei den Sch\u00fclern einen gro\u00dfen Anklang fanden. Unter unseren Betreuern finden sich auch Doktorandinnen der Kunstgeschichte, die Kontakt zu K\u00fcnstlern und Museen und auch selbst museumsp\u00e4dagogische Erfahrungen haben. Kurse mit einer K\u00fcnstlerin konnten einerseits verschiedene k\u00fcnstlerische Arbeitsweisen wie Fotografie oder Druck vermitteln und andererseits die Sch\u00fcler anregen, sich zu Themen auf diese Weise zu \u00e4u\u00dfern. Die Kulturvermittlung soll im Einzelnen durch weiterf\u00fchrende Aktivit\u00e4ten wie z.B. Museumsbesuche erfolgen.<\/p>\n","protected":false},"excerpt":{"rendered":"<p>Hausaufgabenbetreuung Nicht nur die Eltern, sondern auch ihre Kinder wollen in der neuen Heimat \u201eankommen\u201c. Erfolg in der Schule ist daf\u00fcr eine der wichtigsten Grundlagen. Wenn die Eltern noch nicht so gut Deutsch k\u00f6nnen, f\u00e4llt es ihnen aber oft schwer, ihre Kinder dabei zu unterst\u00fctzen. Der gemeinn\u00fctzige Verein Lernstatt e.V., der die Schule tr\u00e4gt, will <a href=\"https:\/\/lernstatt-ev.de\/deutschkurs\/hausaufgabenbetreuung\/\" rel=\"nofollow\"><span class=\"sr-only\">Read more about Hausaufgabenbetreuung<\/span>[&hellip;]<\/a><\/p>\n","protected":false},"author":2,"featured_media":0,"parent":0,"menu_order":0,"comment_status":"closed","ping_status":"closed","template":"template-fullwidth.php","meta":{"footnotes":""},"class_list":["post-160","page","type-page","status-publish","hentry"],"_links":{"self":[{"href":"https:\/\/lernstatt-ev.de\/deutschkurs\/wp-json\/wp\/v2\/pages\/160","targetHints":{"allow":["GET"]}}],"collection":[{"href":"https:\/\/lernstatt-ev.de\/deutschkurs\/wp-json\/wp\/v2\/pages"}],"about":[{"href":"https:\/\/lernstatt-ev.de\/deutschkurs\/wp-json\/wp\/v2\/types\/page"}],"author":[{"embeddable":true,"href":"https:\/\/lernstatt-ev.de\/deutschkurs\/wp-json\/wp\/v2\/users\/2"}],"replies":[{"embeddable":true,"href":"https:\/\/lernstatt-ev.de\/deutschkurs\/wp-json\/wp\/v2\/comments?post=160"}],"version-history":[{"count":1,"href":"https:\/\/lernstatt-ev.de\/deutschkurs\/wp-json\/wp\/v2\/pages\/160\/revisions"}],"predecessor-version":[{"id":161,"href":"https:\/\/lernstatt-ev.de\/deutschkurs\/wp-json\/wp\/v2\/pages\/160\/revisions\/161"}],"wp:attachment":[{"href":"https:\/\/lernstatt-ev.de\/deutschkurs\/wp-json\/wp\/v2\/media?parent=160"}],"curies":[{"name":"wp","href":"https:\/\/api.w.org\/{rel}","templated":true}]}}