{"id":91,"date":"2017-06-28T20:19:34","date_gmt":"2017-06-28T18:19:34","guid":{"rendered":"http:\/\/lernstatt-ev.de\/deutschkurs\/?page_id=91"},"modified":"2025-06-16T19:01:47","modified_gmt":"2025-06-16T17:01:47","slug":"eltern","status":"publish","type":"page","link":"https:\/\/lernstatt-ev.de\/deutschkurs\/eltern\/","title":{"rendered":"Elternintegrationskurse"},"content":{"rendered":"<p><img loading=\"lazy\" decoding=\"async\" class=\"alignright wp-image-328\" src=\"http:\/\/lernstatt-ev.de\/deutschkurs\/wp-content\/uploads\/2017\/06\/Elternintegrationskurse-300x199.jpg\" alt=\"Elternintegrationskurse\" width=\"450\" height=\"298\" srcset=\"https:\/\/lernstatt-ev.de\/deutschkurs\/wp-content\/uploads\/2017\/06\/Elternintegrationskurse-300x199.jpg 300w, https:\/\/lernstatt-ev.de\/deutschkurs\/wp-content\/uploads\/2017\/06\/Elternintegrationskurse.jpg 755w\" sizes=\"auto, (max-width: 450px) 100vw, 450px\" \/>Elternintegrationskurse richten sich an Teilnehmer mit Kindern.\u00a0 Die Kurse umfassen 1000 Unterrichtseinheiten, die sich in einen Sprachkurs (900 Unterrichtseinheiten) und einen Orientierungskurs (100 Unterrichtseinheiten) gliedern. In diesen Kursen lernen die Teilnehmer mit anderen Eltern, die gleiche oder \u00e4hnliche Interessen wie sie selbst haben. Neben der Sprache vermitteln die Dozenten den Teilnehmern viel Wissenswertes \u00fcber das Leben in Deutschland. Dazu geh\u00f6rt auch, dass die Eltern lernen, wie das deutsche Bildungssystem aufgebaut ist und welche Chancen es ihren Kindern bietet.<\/p>\n<p>Damit sich die Eltern auf das Erlernen der deutschen Sprache \u00a0konzentrieren k\u00f6nnen, werden ihre Kinder werden w\u00e4hrend der Vormittags- und Mittagskurse kostenlos\u00a0 in unserer Schule betreut.<\/p>\n<p>Leider werden keine Elternintegrationskurse mehr \u00a0vom BAMF gef\u00f6rdert. Die laufenden Kurse d\u00fcrfen zu ende gef\u00fchrt werden.<\/p>\n","protected":false},"excerpt":{"rendered":"<p>Elternintegrationskurse richten sich an Teilnehmer mit Kindern.\u00a0 Die Kurse umfassen 1000 Unterrichtseinheiten, die sich in einen Sprachkurs (900 Unterrichtseinheiten) und einen Orientierungskurs (100 Unterrichtseinheiten) gliedern. In diesen Kursen lernen die Teilnehmer mit anderen Eltern, die gleiche oder \u00e4hnliche Interessen wie sie selbst haben. Neben der Sprache vermitteln die Dozenten den Teilnehmern viel Wissenswertes \u00fcber das <a href=\"https:\/\/lernstatt-ev.de\/deutschkurs\/eltern\/\" rel=\"nofollow\"><span class=\"sr-only\">Read more about Elternintegrationskurse<\/span>[&hellip;]<\/a><\/p>\n","protected":false},"author":2,"featured_media":0,"parent":0,"menu_order":0,"comment_status":"closed","ping_status":"closed","template":"template-fullwidth.php","meta":{"footnotes":""},"class_list":["post-91","page","type-page","status-publish","hentry"],"_links":{"self":[{"href":"https:\/\/lernstatt-ev.de\/deutschkurs\/wp-json\/wp\/v2\/pages\/91","targetHints":{"allow":["GET"]}}],"collection":[{"href":"https:\/\/lernstatt-ev.de\/deutschkurs\/wp-json\/wp\/v2\/pages"}],"about":[{"href":"https:\/\/lernstatt-ev.de\/deutschkurs\/wp-json\/wp\/v2\/types\/page"}],"author":[{"embeddable":true,"href":"https:\/\/lernstatt-ev.de\/deutschkurs\/wp-json\/wp\/v2\/users\/2"}],"replies":[{"embeddable":true,"href":"https:\/\/lernstatt-ev.de\/deutschkurs\/wp-json\/wp\/v2\/comments?post=91"}],"version-history":[{"count":6,"href":"https:\/\/lernstatt-ev.de\/deutschkurs\/wp-json\/wp\/v2\/pages\/91\/revisions"}],"predecessor-version":[{"id":630,"href":"https:\/\/lernstatt-ev.de\/deutschkurs\/wp-json\/wp\/v2\/pages\/91\/revisions\/630"}],"wp:attachment":[{"href":"https:\/\/lernstatt-ev.de\/deutschkurs\/wp-json\/wp\/v2\/media?parent=91"}],"curies":[{"name":"wp","href":"https:\/\/api.w.org\/{rel}","templated":true}]}}