{"id":99,"date":"2017-06-28T20:20:25","date_gmt":"2017-06-28T18:20:25","guid":{"rendered":"http:\/\/lernstatt-ev.de\/deutschkurs\/?page_id=99"},"modified":"2017-07-21T11:25:30","modified_gmt":"2017-07-21T09:25:30","slug":"leitbild","status":"publish","type":"page","link":"https:\/\/lernstatt-ev.de\/deutschkurs\/leitbild\/","title":{"rendered":"Unser Leitbild"},"content":{"rendered":"<p><strong><img loading=\"lazy\" decoding=\"async\" class=\"wp-image-312 alignright\" src=\"http:\/\/lernstatt-ev.de\/deutschkurs\/wp-content\/uploads\/2017\/06\/Leitbild-300x199.jpg\" alt=\"Leitbild\" width=\"450\" height=\"298\" srcset=\"https:\/\/lernstatt-ev.de\/deutschkurs\/wp-content\/uploads\/2017\/06\/Leitbild-300x199.jpg 300w, https:\/\/lernstatt-ev.de\/deutschkurs\/wp-content\/uploads\/2017\/06\/Leitbild.jpg 755w\" sizes=\"auto, (max-width: 450px) 100vw, 450px\" \/>Gelungenes Lernen<\/strong><\/p>\n<p>Die Lernprozesse in den Kursen, Veranstaltungen und Ma\u00dfnahmen dienen der Entwicklung der Pers\u00f6nlichkeit, ihrer Einstellungen und Befindlichkeiten, der Kreativit\u00e4t und Flexibilit\u00e4t in individuellen, beruflichen und politisch-sozialen Lebensbereichen.<\/p>\n<p>Wir bieten:<\/p>\n<ul>\n<li>Qualifizierte Dozentinnen und Dozenten<\/li>\n<li>Ein inhaltlich qualifiziertes Lernangebot<\/li>\n<li>Infrastruktur, z.B. Fachr\u00e4ume wie K\u00fcchen, Kreativr\u00e4ume, R\u00e4ume f\u00fcr Entspannung<\/li>\n<li>Lern- und Weiterbildungsberatung<\/li>\n<li>Professionelle und teilnehmerfreundliche organisatorische Abwicklung<\/li>\n<\/ul>\n<p>In der Lernstatt e.V. werden Bildungsprozesse durch ein anregendes Lern-Arrangement gef\u00f6rdert, das die Teilnehmenden in ihren individuellen Aneignungsweisen unterst\u00fctzt. Gelingendes Lernen findet dadurch statt, dass der Sprachunterricht von Teilnehmenden als relevant f\u00fcr die eigenen Fragen und Orientierungen wahrgenommen wird und neue Perspektiven er\u00f6ffnet.<\/p>\n<p>&nbsp;<\/p>\n<p>Gelungenes Lernen hei\u00dft f\u00fcr uns, dass Teilnehmende von Kursen:<\/p>\n<ul>\n<li>Lernstatt als einen Ort erfahren, der ihnen bestm\u00f6gliche Bedingungen bietet, sowohl, was die Inhalte und deren Vermittlung, als auch den \u00e4u\u00dferen Rahmen anbelangt<\/li>\n<li>Neugier auf das Weiterlernen entwickeln, also motiviert wirken<\/li>\n<li>Spa\u00df am Lernprozess haben<\/li>\n<li>sich beruflich, privat und oder in ihrem Lebensumfeld besser zu recht finden<\/li>\n<li>Sprachbarrieren abbauen und beginnen zu sprechen<\/li>\n<li>\u00fcber einen messbaren Zuwachs an Faktenwissen und Kompetenzen verf\u00fcgen.<\/li>\n<\/ul>\n<p>&nbsp;<\/p>\n<p>Mit anderen Worten: Wir sprechen dann von gelungenem Lernen, wenn jemand Kenntnisse und Fertigkeiten erwirbt, seine F\u00e4higkeiten weiterentwickelt und berufliche Anforderungen besser bew\u00e4ltigen kann.<\/p>\n","protected":false},"excerpt":{"rendered":"<p>Gelungenes Lernen Die Lernprozesse in den Kursen, Veranstaltungen und Ma\u00dfnahmen dienen der Entwicklung der Pers\u00f6nlichkeit, ihrer Einstellungen und Befindlichkeiten, der Kreativit\u00e4t und Flexibilit\u00e4t in individuellen, beruflichen und politisch-sozialen Lebensbereichen. Wir bieten: Qualifizierte Dozentinnen und Dozenten Ein inhaltlich qualifiziertes Lernangebot Infrastruktur, z.B. Fachr\u00e4ume wie K\u00fcchen, Kreativr\u00e4ume, R\u00e4ume f\u00fcr Entspannung Lern- und Weiterbildungsberatung Professionelle und teilnehmerfreundliche organisatorische <a href=\"https:\/\/lernstatt-ev.de\/deutschkurs\/leitbild\/\" rel=\"nofollow\"><span class=\"sr-only\">Read more about Unser Leitbild<\/span>[&hellip;]<\/a><\/p>\n","protected":false},"author":2,"featured_media":0,"parent":0,"menu_order":0,"comment_status":"closed","ping_status":"closed","template":"template-fullwidth.php","meta":{"footnotes":""},"class_list":["post-99","page","type-page","status-publish","hentry"],"_links":{"self":[{"href":"https:\/\/lernstatt-ev.de\/deutschkurs\/wp-json\/wp\/v2\/pages\/99","targetHints":{"allow":["GET"]}}],"collection":[{"href":"https:\/\/lernstatt-ev.de\/deutschkurs\/wp-json\/wp\/v2\/pages"}],"about":[{"href":"https:\/\/lernstatt-ev.de\/deutschkurs\/wp-json\/wp\/v2\/types\/page"}],"author":[{"embeddable":true,"href":"https:\/\/lernstatt-ev.de\/deutschkurs\/wp-json\/wp\/v2\/users\/2"}],"replies":[{"embeddable":true,"href":"https:\/\/lernstatt-ev.de\/deutschkurs\/wp-json\/wp\/v2\/comments?post=99"}],"version-history":[{"count":9,"href":"https:\/\/lernstatt-ev.de\/deutschkurs\/wp-json\/wp\/v2\/pages\/99\/revisions"}],"predecessor-version":[{"id":317,"href":"https:\/\/lernstatt-ev.de\/deutschkurs\/wp-json\/wp\/v2\/pages\/99\/revisions\/317"}],"wp:attachment":[{"href":"https:\/\/lernstatt-ev.de\/deutschkurs\/wp-json\/wp\/v2\/media?parent=99"}],"curies":[{"name":"wp","href":"https:\/\/api.w.org\/{rel}","templated":true}]}}